 is divided by 8.
6
Let h(l) = -l**3 + 7*l**2 + 5*l + 1. Suppose -1 - 34 = -5*n. Suppose 0 = 2*m - 8, 0*m - 42 = -2*i - m. What is the remainder when h(n) is divided by i?
17
Let g be (50/(-8))/((-1)/4). Suppose 0 = z + 7 - 67. Let a = z - g. What is the remainder when a is divided by 12?
11
Calculate the remainder when 54 is divided by (52/(-91))/((-6)/147).
12
Calculate the remainder when 63 is divided by 1 - 2*-5 - 0 - -3.
7
What is the remainder when -4*(3/(-2) + -4) is divided by 13?
9
Suppose 3*p - 332 = 1. Calculate the remainder when p is divided by 40.
31
Let u = -8 + 7. Let a = u + 5. What is the remainder when 7 is divided by a?
3
Let c be (-13 + 1)*(-2)/4. Suppose c*g = 4*g + 36. What is the remainder when g is divided by ((-2)/2)/((-24)/168)?
4
Let r(n) = -2*n**3 - n + 18. Let a be r(0). Let m = 32 - a. What is the remainder when 55 is divided by m?
13
Let y(w) = 9*w - 1. Let b(i) be the first derivative of 4*i**3/3 - i**2 + i - 3. Let z be b(1). Calculate the remainder when y(z) is divided by 9.
8
Let r(a) = -a + 11. Let p(q) = -q**3 - 3*q**2 + 3*q + 5. Let j be p(-4). Calculate the remainder when r(j) is divided by (-1)/(-2) + (-2)/(-4).
0
Suppose -614 - 46 = -6*a. Calculate the remainder when a is divided by 14.
12
Let m(n) = -n**2 - 2*n. Let r be m(-1). Calculate the remainder when 28 is divided by 4/(r*4/10).
8
Let f = -3 - -5. Let p(j) = 28*j - 1. Calculate the remainder when p(f) is divided by 57/(-2)*4/(-6).
17
Suppose 4*x = n + 21, n - 2*x = -0*n - 13. Let y(s) = -s - 1. Calculate the remainder when y(n) is divided by 3.
1
Let b = 73 - 39. Suppose -n - 3 = -7. Suppose -n*t - 3*i + 63 = 0, -55 = -5*t + i - 0*i. What is the remainder when b is divided by t?
10
Let i = 15 + -33. Let d = 25 + i. Calculate the remainder when 10 is divided by d.
3
Let h(o) = -2*o + 12*o - 1 + 2*o. Suppose 0 = -d + 15 - 3. Calculate the remainder when h(2) is divided by d.
11
Let z = 153 + -131. Calculate the remainder when z is divided by 4.
2
Suppose -16 = -3*n + 2*v, -19 = -5*n + 3*v + 6. Let s = n - 3. What is the remainder when 12 is divided by 8 - s/1 - 2?
5
Let h(s) = s + 7. Let z be h(-8). Let m(k) = -3*k - 5. Let g be m(-4). Let l = z + g. What is the remainder when 10 is divided by l?
4
Let s = 104 - 57. Calculate the remainder when s is divided by 10.
7
Suppose -2*l - l = 5*b - 78, -3*l - 48 = -2*b. Suppose 0*y + 3*y = b. Calculate the remainder when 16 is divided by y.
4
Suppose -3*k = o + 330, -3*k - 2*k = 2*o + 549. Let r = -64 - k. Suppose 12 = -3*q, 4*d + 4*q - 32 = d. Calculate the remainder when r is divided by d.
15
Let r = -18 + 49. Let m(x) = x**3 - x**2 + 4. Let w be m(3). Suppose 5*k - 12 = -4*b + 32, 2*b - k = w. Calculate the remainder when r is divided by b.
9
Suppose 0 = 6*w - 7*w + 37. Suppose 4*t = 5*d - 10, -9 = 3*d + 2*t - w. What is the remainder when 28 is divided by d?
4
Suppose -3*k = -5*h - 5*k + 28, 19 = 3*h - k. What is the remainder when 14 is divided by h?
2
Suppose -210*c + 199*c + 55 = 0. Calculate the remainder when ((-57)/(-2))/3*2 is divided by c.
4
Suppose -28 = 2*r - 6*r. Let v = -151 - -155. What is the remainder when r is divided by v?
3
Let y(g) = 2*g**3 + 3*g**2 + g. Let j be y(-3). Let u(f) = -2*f**2 + 58*f - 40. Calculate the remainder when (1 - 0)/((-1)/j) is divided by u(28).
14
Let m = 24 - 14. Let o = m - -4. What is the remainder when 40 is divided by o?
12
What is the remainder when (87/9 + -7)*9 is divided by 37/4 + (-2)/8?
6
Let k = -2 + 0. Let w be (3/k)/((-5)/10). Suppose f - 160 = -w*f. Calculate the remainder when f is divided by 14.
12
Let j(f) = -4*f**2 + f - 4. Let u be j(2). Let w = u + 25. Calculate the remainder when (-34)/(-3) - 2/(-3) is divided by w.
5
Let k(a) = -a**2 + 4*a - 1. Let w be k(5). Let f = 3 - -4. Calculate the remainder when (60/9)/((-2)/w) is divided by f.
6
Suppose 2*d - 5 - 5 = 0. Suppose 2*o - 375 = -3*o. Suppose d*y - o = 115. What is the remainder when y is divided by 20?
18
Suppose -6 = -3*u - 3*m, -m - m = 4. Calculate the remainder when 13 is divided by u.
1
Suppose 0 = 4*d + 4, -5*p - 34 - 113 = -3*d. Calculate the remainder when (18/15)/((-9)/p) is divided by (-2)/4 + 14/4.
1
Suppose 0 = -3*f + 6*f + 21. Let t = f + 10. What is the remainder when 9 is divided by t?
0
Suppose 3*b = 4*b - 5, -4*k - 5*b + 297 = 0. What is the remainder when k is divided by 23?
22
Suppose -4*d + 5*l - 37 = -7*d, 4*d + l - 55 = 0. What is the remainder when 25 is divided by d?
11
Suppose 5*w - 26 = -b - b, 3*b - 5 = w. Let l be (-52)/(-6) - b/(-9). Calculate the remainder when 16 is divided by (-8)/(-6)*l/2.
4
Let s(f) = f**2 + 8*f + 2. Calculate the remainder when 52 is divided by s(-9).
8
Let n = 4 - -1. Calculate the remainder when 22 is divided by n.
2
Suppose -6*w + 9*w - 6 = 0. Calculate the remainder when 5 + 12 - (-1 + w) is divided by 9.
7
Suppose s - 132 = -4*k, -2*k + 136 = 2*k + 2*s. What is the remainder when k is divided by (3 + -5)/(2*(-1)/9)?
5
Let d = 31 - 19. Let l = 10 + d. Suppose 4*s = 5*b - 167, 0 = b - s + 4*s - l. Calculate the remainder when b is divided by 11.
9
Let f = 1 + -3. Let a = -2 - f. Suppose a*j - 13 = -j. What is the remainder when 25 is divided by j?
12
Let k be 5*(-1 - 4*-1). What is the remainder when 38 is divided by (0 - (0 - -2)) + k?
12
Let n(m) = -m**3 - 12*m**2 + 14*m + 16. Let f be n(-13). Suppose -5*s = 3*z - 250, -f*s - 3*z + 93 = -51. What is the remainder when s is divided by 18?
17
Suppose -2*w + 14 = -w. Suppose g + 3*v = -1, 0 = g + 3*v - 5*v - w. Let j(o) = o**3 + 4*o**2 - 6*o - 1. What is the remainder when j(-4) is divided by g?
7
What is the remainder when 33 + -1 + (-1)/(4/12) is divided by 15?
14
Let y(o) = -o**2 - 8*o - 9. Let g = -4 + 10. Calculate the remainder when g is divided by y(-6).
0
What is the remainder when 158*(-2 - 21/(-6)) is divided by 48?
45
Suppose -8*a + 267 = -5*a. Suppose 0 = 5*m - 161 - a. What is the remainder when m is divided by 17?
16
Let q(z) = 10*z**3 + z**2 - z. Let s = -3 + 4. What is the remainder when 28 is divided by q(s)?
8
Suppose 0 = 7*f - 5*f - 12. Suppose 5*t + 27 = -5*v + 122, v - 3*t = 35. What is the remainder when v is divided by f?
5
Suppose -3*n + 21 = -2*n - 4*l, -144 = -4*n + 4*l. What is the remainder when 202 is divided by n?
38
Suppose -5*d = 4*l - 6, 5*l - 6 = 4*l + d. What is the remainder when 7 is divided by l?
3
Suppose 5*a + 82 - 237 = 0. Calculate the remainder when a is divided by 9.
4
Suppose 17*l + 2*l = 1121. What is the remainder when l is divided by 25?
9
Let v(d) = -d**2 + 4*d + 3. Let a(x) = 3*x**2 - 17*x - 13. Let m(p) = -2*a(p) - 9*v(p). Calculate the remainder when 11 is divided by m(2).
4
Let n = 9 + 18. Calculate the remainder when n is divided by 15.
12
Suppose 0 = -3*q - 3 + 36. Calculate the remainder when q is divided by (-2 - -7)/((-15)/(-18)).
5
Let q(c) = 2*c - 5. Suppose 0 = -0*k + 2*k - 30. What is the remainder when q(k) is divided by 9?
7
Let y be 2 - (0/2 + -2). Suppose -y*l = -66 - 38. Let z = l + -16. What is the remainder when 18 is divided by z?
8
Suppose -62*n + 64*n - 28 = 0. What is the remainder when 123 is divided by n?
11
Let z(w) = 14*w**2 - 2*w - 1. Let p be z(-1). Suppose 2*s = s + p. Calculate the remainder when s is divided by 8.
7
Suppose -15 = -d + 13. Calculate the remainder when d is divided by 15.
13
Suppose 3*o - 6 = -3*z, 3*z = 2*z - 3. Let n = 25 - 13. Let t = n + -10. Calculate the remainder when o is divided by t.
1
Suppose 2*f + 175 = 7*f. Suppose a - 5*r = 18, 7*a = 4*a - 4*r + f. What is the remainder when a is divided by 4?
1
Suppose -i + 9 + 34 = 0. Calculate the remainder when i is divided by 15.
13
Let a = -21 + 36. Let l(w) = 26*w - 10. Let x be l(7). Suppose 0 = -4*m - 0*m + x. What is the remainder when m is divided by a?
13
Let m(w) = -w**3 - 4*w**2 - w + 4. Suppose -5*z + 75 = -h, -4*h - 32 = -3*z + 13. What is the remainder when z is divided by m(-4)?
7
Suppose -5*q + 6 + 5 = 4*l, -5*l - 11 = -2*q. Calculate the remainder when q - 4 - (1 + -21) is divided by 5.
4
Suppose -5*h + 10 + 10 = 0. Calculate the remainder when 5 is divided by h.
1
Suppose -3*n + 5*n - 10 = 0. Let l = -11 - -15. Calculate the remainder when n is divided by l.
1
Suppose 5*k - 4 = -0*l - 3*l, 9 = 2*l - 3*k. Let g(c)